74*r = -88*r + 140. Calculate the remainder when 204 is divided by r.
4
What is the remainder when 16/((-16)/(-133))*4 is divided by 173?
13
Suppose 43*s - 428941 + 45123 = 0. What is the remainder when s is divided by 96?
94
Suppose 2*b - 3*b = m - 20, 4*m + 55 = 5*b. What is the remainder when (4/(-3))/((b/5)/(-234)) is divided by 54?
50
Let b(o) = 2*o**2 - o - 10. Let c be b(-7). Suppose -20 + c = 5*x. What is the remainder when x is divided by 6?
3
Let b(t) = t**3 + 5*t**2 - t - 2. Let r be ((-8)/(-24))/(4/(-36)). Let x(n) = 4*n**2 + 5*n + 7. What is the remainder when x(-4) is divided by b(r)?
13
Suppose 296*t - 137*t = 145*t + 2982. What is the remainder when 3189 is divided by t?
207
Suppose -t - 8 = 6. Let l(z) = 4*z + 110. Calculate the remainder when 107 is divided by l(t).
53
What is the remainder when 1096 is divided by (240/(-160))/(1/(-138)) - -8?
21
Let x = 4256 - 4009. What is the remainder when x is divided by 11?
5
Let k be 669/2 + 2/(-4) - 1. Suppose 5*v - 207 - k = 0. Calculate the remainder when v is divided by 28.
24
Calculate the remainder when 0 + 5 + -4 + 153 is divided by 2 + (33 + (1 - 1) - 4).
30
Suppose -3*g + 6 = -0. Suppose v + 3*c - 7 = c, -g*v = -5*c - 23. Suppose 4*b - 20 = 0, u + 3*b + 5 = 50. What is the remainder when u is divided by v?
3
Let y(p) = 5*p**2 - p + 4. Let r be y(2). Let g = 44 - r. Calculate the remainder when 866/8 + 5/(-20) is divided by g.
20
Let x be (-8)/(-16) + 103/2. Let k = 52 - x. Suppose 2*r = 4*o - 334, 4*o + 4*r + r - 299 = k. What is the remainder when o is divided by 12?
9
Let w = -50 + 71. Suppose -8*t + w + 3 = 0. What is the remainder when 142 is divided by t*-4*-2 + -1 + 1?
22
Let n(l) = l**3 + 3*l + 10*l**2 + 14*l + 0*l - 7. Calculate the remainder when 52 is divided by n(-6).
17
Let y be (0 - -1)*3/(-1 - 2). Let z(a) = -16*a + 1. Let w(j) = -j**3 + 8*j**2 + 3*j - 18. What is the remainder when z(y) is divided by w(8)?
5
Let r be -7 - -3 - (-137 - (-1 + 3)). Let p = 217 - r. What is the remainder when p is divided by 30?
22
Calculate the remainder when 2721 is divided by (-985)/(-4) - (693/84 - 8).
15
Let f = -6 - -10. Calculate the remainder when -5 + (24/(-108))/((-12)/6156) is divided by f.
1
Let z = -78 + 170. Calculate the remainder when z is divided by ((-3)/(-2))/(3/20)*(-54)/(-108).
2
Let u = 17 + 25. Let o be 2/12 + 2807/u. Let d = o - 52. What is the remainder when d is divided by 8?
7
Suppose 2*p + 4*m - 48 = 0, -3*m + 64 = 5*p - 77. Let k = p - -35. What is the remainder when k is divided by 19?
8
Suppose 353*a - 351*a + c = 3237, 3*a + 3*c = 4854. What is the remainder when a is divided by 180?
179
Suppose 3*x = -x - 3*d + 14, -5*x + d = -27. Let a = -182 - -172. Calculate the remainder when -12*(-1)/((-15)/a) is divided by x.
3
Let m(x) = -2*x**2 - 14*x + 23. Calculate the remainder when (2280/45)/(4/6) is divided by m(-8).
6
Let u = -2723 + 2768. What is the remainder when u is divided by -1 + 0 + 4 + 11?
3
Suppose -5*q + 19 = -4*q. Suppose -q = -3*u - 7. What is the remainder when u + 0 - 198/(-11) is divided by 8?
6
Let j(c) = -c**3 + 8*c**2 - 6*c + 2. Calculate the remainder when 89612/26050*(-25)/(-2) is divided by j(6).
5
Let h = -2078 - -2223. Calculate the remainder when h is divided by 65.
15
Let u(g) = -g**3 - 10*g**2 - 21*g - 3. Let m = 120 + -90. What is the remainder when u(-10) is divided by m?
27
Let b = 622 + -587. What is the remainder when (108/(-45))/((-4)/170) is divided by b?
32
Suppose 5*f - 3*v - 19 + 0 = 0, 6 = 3*v. Suppose -g + 149 = -8*h + 9*h, -f*h - g + 757 = 0. What is the remainder when h is divided by 45?
17
Let c = -155938 + 156063. What is the remainder when c is divided by (-26)/(-3) + 1/3?
8
Let f(r) = -30*r**2 + 15*r + 12. Let c be f(-3). Let i = -210 - c. What is the remainder when i is divided by 8?
5
Let f(v) = 30*v**2 - 3*v - 4. What is the remainder when f(-3) is divided by 1 + ((-142)/(-355) - (-108)/5)?
22
Let d(a) = 10*a - 354. Let r be d(32). Let q = r - -39. What is the remainder when 27 is divided by q?
2
Let n(o) = -o**3 - 6*o**2 + 10*o - 7. Let r = 40 - 12. Let m = r - 17. What is the remainder when n(-8) is divided by m?
8
Suppose 14*z - 105 = 13*z - 10*f, -3*z + 98 = -f. Calculate the remainder when 88 is divided by z.
18
Let u(a) = -1877*a - 5307. What is the remainder when u(-3) is divided by 94?
42
Let o be ((-20)/6)/(4/(-6)). Suppose -5*f - o*p = -90, -3*p - 2*p - 6 = -f. Suppose 35*y = 39*y - f. What is the remainder when 7 is divided by y?
3
Let v = 3239 + -3226. Let n(f) = -4*f**3 - 4*f**2 - 3*f - 2. Let j be n(-2). Let g = j + -13. Calculate the remainder when v is divided by g.
6
Let x be 4/12 + 3/(-9) - -1. What is the remainder when x - (-33 + 1/(-1)) is divided by 9?
8
Let a(r) = r**2 + 2*r - 2. Suppose 0 = -w - 9*b + 13*b + 23, -5*w - b = -10. What is the remainder when a(w) is divided by 5?
3
Suppose 5*k + 134 - 159 = 0. Suppose -3*f + 4*s = -471, 0 = -k*f - 10*s + 11*s + 802. What is the remainder when f is divided by 28?
21
Suppose -497 = -11*n + 944. Suppose n*d - 43 = 130*d. Suppose -4*r + 1066 = r + 2*g, 3*g + 220 = r. Calculate the remainder when r is divided by d.
42
Calculate the remainder when 656 is divided by 2*74/52 - 8*9/(-468).
2
Let r(w) = -87*w + 653. What is the remainder when 889 is divided by r(7)?
9
Suppose 10*o + 2*q - 466 = 6*o, -4*o + q = -469. Let k(j) = 2*j**2 - 48*j + 34. Calculate the remainder when o is divided by k(24).
15
Suppose 323*u - 61*u = 15982. Calculate the remainder when 16285 is divided by u.
59
Let q = -156 + 164. Let v = 26 + q. Calculate the remainder when 168 is divided by v.
32
Let g(v) = -v**2 - 8*v - 6. Let y(j) = 5*j**2 + 27*j + 1. Let w be y(-5). Let d be g(w). Let a = 62 - d. What is the remainder when a is divided by 16?
13
Suppose 3*q = -q + 44. Let k(x) = 2*x**3 - 593*x**2 + 1470*x + 174. What is the remainder when k(294) is divided by q?
9
Suppose -11*l = -14*l - 384. Let z = -102 - l. Suppose -4*i + z = 2*q, 2*i + 87 = 4*q - 5. What is the remainder when 166 is divided by q?
19
Let s(t) = -4*t**2 - 4*t - 107. Let i be s(-12). Let y = i + 656. What is the remainder when y is divided by 19?
2
Let k = -613 + 648. Calculate the remainder when 254 is divided by k.
9
Let y(z) = 131*z + 348. Calculate the remainder when 2462 is divided by y(0).
26
Let j(c) = 2*c + 8. Let v(a) = a**3 - 3*a**2 - 9*a - 2. Let w be v(7). Suppose w = -3*x + 320. Calculate the remainder when x is divided by j(4).
15
Let i(n) = -11*n - 14. Suppose 20*x - 16*x = 112. Suppose -2 = x*k - 27*k. What is the remainder when 18 is divided by i(k)?
2
Let i = 4755 + -4375. What is the remainder when i is divided by 363?
17
Suppose -4*h + 4*x + 356 = -9*h, 3*x + 213 = -3*h. Calculate the remainder when -5*(6 - h/(-5)) is divided by 8.
2
Let h(w) = w**2 - 5*w + 8. Let n be h(3). Calculate the remainder when (4/(-6))/(6/(-234)) is divided by 189/14 - (-3)/n.
11
Suppose -111 = -8*b - 1591. Let n = 277 + b. Calculate the remainder when n is divided by 47.
45
Suppose 14*k - 16*k = -4, -12 = -5*i - k. Suppose 3*v - 5*u = 47 + 15, -i*v + 34 = 4*u. What is the remainder when 23 is divided by v?
4
Suppose 220*c + 17712 = 224*c + a, -2*c = -4*a - 8820. What is the remainder when c is divided by 19?
18
Let p = -347 - -361. What is the remainder when (-737)/(-8) - 1 - 16/128 is divided by p?
7
Suppose -1883*p + 1472 = -1875*p. What is the remainder when p is divided by 47?
43
Suppose -52041 = 5206*t - 5225*t. Calculate the remainder when t is divided by 5.
4
Suppose 2*l + 3*t = t + 4, -5*t - 5 = 2*l. Suppose 0 = -l*r + 2*i + 96, -r + 12 = 2*i - 0. Calculate the remainder when r is divided by -6*(20/6 - 4).
2
Let w = -11866 - -17978. What is the remainder when w is divided by 68?
60
Let y(k) = 18*k + 512. Calculate the remainder when 1/(-3)*(-1580 + 2) is divided by y(-28).
6
Let k be (1/2)/((-9)/(-54)). Let j(i) = -10 - 22*i**3 - 25*i**k + 48*i**3 - 26*i - 3*i**2 - 6*i**2. What is the remainder when j(12) is divided by 28?
26
Suppose -b + 3*g + 18 = 0, -g - 56 = -2*b + g. What is the remainder when b is divided by ((-30)/(-2))/(-9 + 24 - 12)?
3
Suppose a + 4*b - 119 = 0, -72*a + 2*b - 523 = -77*a. Calculate the remainder when a is divided by 26.
25
Let m(g) = 2*g**2 + 33*g - 29. Suppose 100 